2, 3, 5, 181, 8867
What are the prime factors of 99793393?
7, 449, 31751
What are the prime factors of 5223791240?
2, 5, 130594781
List the prime factors of 2034477186.
2, 3, 7, 53, 761, 1201
What are the prime factors of 67812346?
2, 7, 827, 5857
What are the prime factors of 40024161?
3, 163, 27283
What are the prime factors of 218132209?
218132209
List the prime factors of 115757323.
11, 10523393
List the prime factors of 66592504.
2, 11, 281, 2693
What are the prime factors of 285159111?
3, 31, 37, 79, 1049
List the prime factors of 960276672.
2, 3, 1667147
List the prime factors of 51081374.
2, 59, 432893
List the prime factors of 93111322.
2, 59, 113, 6983
List the prime factors of 105107069.
19, 733, 7547
What are the prime factors of 122389121?
2251, 54371
What are the prime factors of 89506422?
2, 3, 59, 271, 311
List the prime factors of 596206289.
7, 85172327
List the prime factors of 1139103506.
2, 113, 709, 7109
What are the prime factors of 177852948?
2, 3, 7, 13, 53, 439
What are the prime factors of 4156396349?
7, 2579, 230233
What are the prime factors of 450336683?
450336683
What are the prime factors of 642017098?
2, 463, 693323
List the prime factors of 1407839054.
2, 17, 173, 239347
List the prime factors of 16017811.
787, 20353
What are the prime factors of 147718603?
47, 3142949
List the prime factors of 512846805.
3, 5, 34189787
What are the prime factors of 2684702628?
2, 3, 17, 4386769
What are the prime factors of 2410267870?
2, 5, 877, 274831
What are the prime factors of 248694564?
2, 3, 17, 1219091
List the prime factors of 1908764244.
2, 3, 19, 930197
List the prime factors of 3277314849.
3, 37, 67, 440677
List the prime factors of 86429881.
439, 196879
List the prime factors of 318044948.
2, 13, 157, 163, 239
List the prime factors of 160069930.
2, 5, 16006993
List the prime factors of 87720484.
2, 41, 251, 2131
What are the prime factors of 157967370?
2, 3, 5, 11, 159563
List the prime factors of 2545940175.
3, 5, 827, 41047
What are the prime factors of 38225437?
541, 70657
List the prime factors of 2397814727.
7, 11, 179, 173969
What are the prime factors of 228342132?
2, 3, 739, 2861
List the prime factors of 2185593931.
83, 26332457
List the prime factors of 1565876806.
2, 13, 3019, 19949
List the prime factors of 292862961.
3, 17, 59, 32443
What are the prime factors of 235145715?
3, 5, 7, 43, 52081
What are the prime factors of 94626603?
3, 3504689
What are the prime factors of 1283339259?
3, 199, 716549
What are the prime factors of 187278150?
2, 3, 5, 53, 23557
What are the prime factors of 202585785?
3, 5, 13505719
List the prime factors of 1732351471.
1732351471
What are the prime factors of 20897768?
2, 113, 23117
List the prime factors of 54046496.
2, 7, 89, 2711
What are the prime factors of 8793546?
2, 3, 1465591
List the prime factors of 3216160991.
41, 1327, 59113
List the prime factors of 198016638.
2, 3, 163, 202471
List the prime factors of 31064885.
5, 47, 67, 1973
List the prime factors of 1072005861.
3, 357335287
What are the prime factors of 6077904350?
2, 5, 7, 2851, 6091
What are the prime factors of 519996024?
2, 3, 802463
What are the prime factors of 485195570?
2, 5, 31, 47, 33301
What are the prime factors of 61064026?
2, 827, 36919
List the prime factors of 705454464.
2, 3, 11, 13, 29, 443
List the prime factors of 2412464925.
3, 5, 13, 1171, 2113
What are the prime factors of 2959808?
2, 103, 449
List the prime factors of 130773083.
7, 101, 184969
What are the prime factors of 1836019802?
2, 918009901
List the prime factors of 672497748.
2, 3, 13, 317, 1511
What are the prime factors of 585785033?
83, 7057651
List the prime factors of 117457339.
117457339
What are the prime factors of 68341601?
68341601
What are the prime factors of 982068053?
17, 23, 701, 3583
What are the prime factors of 74154764?
2, 18538691
What are the prime factors of 112372509?
3, 37457503
What are the prime factors of 1485564?
2, 3, 43, 2879
What are the prime factors of 558009512?
2, 69751189
List the prime factors of 111676735.
5, 1123, 19889
What are the prime factors of 2208365965?
5, 13, 33974861
What are the prime factors of 389531950?
2, 5, 7790639
What are the prime factors of 93791593?
7, 13398799
What are the prime factors of 501788525?
5, 7, 971, 2953
List the prime factors of 7408583.
7, 13, 17, 4789
What are the prime factors of 600622521?
3, 200207507
What are the prime factors of 1102936641?
3, 23, 2953, 5413
List the prime factors of 362189535.
3, 5, 101, 239069
What are the prime factors of 189348299?
7, 103, 37517
What are the prime factors of 2081147522?
2, 787, 1322203
What are the prime factors of 713907097?
23, 31039439
List the prime factors of 444218960.
2, 5, 5552737
What are the prime factors of 51004437?
3, 11, 17, 90917
What are the prime factors of 49890498?
2, 3, 7, 29, 40961
What are the prime factors of 122975113?
41, 79, 37967
List the prime factors of 8697429716.
2, 37, 3209, 18313
What are the prime factors of 4152439991?
7, 139, 4267667
List the prime factors of 33718151.
33718151
List the prime factors of 26255888.
2, 17, 83, 1163
What are the prime factors of 292750930?
2, 5, 107, 2557
What are the prime factors of 54712883?
23, 59, 1753
What are the prime factors of 135010221?
3, 223, 201809
List the prime factors of 7701488.
2, 481343
List the prime factors of 23959775.
5, 7, 19559
List the prime factors of 839023208.
2, 359, 389, 751
List the prime factors of 46386625.
5, 17, 83, 263
What are the prime factors of 40779566?
2, 17, 43, 27893
What are the prime factors of 546329424?
2, 3, 11381863
What are the prime factors of 478793314?
2, 811, 295187
List the prime factors of 1691131002.
2, 3, 11, 25623197
What are the prime factors of 245567362?
2, 19, 340121
List the prime factors of 5215824827.
223, 23389349
List the prime factors of 173222887.
29, 2069, 2887
List the prime factors of 443332095.
3, 5, 1453, 20341
What are the prime factors of 841189207?
61, 857, 16091
What are the prime factors of 72275588?
2, 7, 11, 4789
What are the prime factors of 2120632346?
2, 7, 151473739
List the prime factors of 126810128.
2, 2423, 3271
What are the prime factors of 562014899?
61, 1103, 8353
What are the prime factors of 60652149?
3, 839, 24097
List the prime factors of 111826340.
2, 5, 17, 328901
List the prime factors of 64809530.
2, 5, 31, 209063
List the prime factors of 225707632.
2, 14106727
List the prime factors of 36400603.
31, 1174213
What are the prime factors of 2108673234?
2, 3, 17, 109, 191, 331
What are the prime factors of 21325664?
2, 666427
List the prime factors of 183500841.
3, 19, 997, 3229
List the prime factors of 119311099.
107, 1115057
List the prime factors of 91237455.
3, 5, 211, 3203
What are the prime factors of 58730376?
2, 3, 17, 143947
What are the prime factors of 87062344?
2, 983, 11071
List the prime factors of 377027233.
11, 107, 320329
List the prime factors of 28439394.
2, 3, 4739899
What are the prime factors of 528175244?
2, 17, 456899
List the prime factors of 106983340.
2, 5, 89, 60103
List the prime factors of 8732232622.
2, 4366116311
List the prime factors of 830512345.
5, 13, 12777113
What are the prime factors of 483034796?
2, 19, 443, 14347
What are the prime factors of 1347580268?
2, 43, 7834769
What are the prime factors of 410004056?
2, 7, 11, 665591
What are the prime factors of 218851861?
19, 127, 90697
What are the prime factors of 461038749?
3, 23, 6681721
List the prime factors of 210590066.
2, 157, 670669
List the prime factors of 49711776.
2, 3, 517831
List the prime factors of 57347859.
3, 181, 105613
What are the prime factors of 1024250335?
5, 359, 570613
List the prime factors of 97181779.
97181779
What are the prime factors of 2141023871?
7, 499, 612947
List the prime factors of 469106949.
3, 156368983
List the prime factors of 45427999.
223, 203713
List the prime factors of 3150521.
11, 286411
What are the prime factors of 73942488?
2, 3, 1026979
List the prime factors of 466633742.
2, 233316871
What are the prime factors of 869071309?
869071309
List the prime factors of 222000481.
29, 37, 206897
What are the prime factors of 2315574?
2, 3, 137, 313
List the prime factors of 19339388.
2, 4834847
List th